{"id":1687,"date":"2026-04-19T00:34:10","date_gmt":"2026-04-18T16:34:10","guid":{"rendered":"https:\/\/repecasagricolas.com.br\/?product=engrenagem-do-rolo-passo"},"modified":"2026-04-19T00:34:10","modified_gmt":"2026-04-18T16:34:10","slug":"engrenagem-do-rolo-passo","status":"publish","type":"product","link":"https:\/\/repecasagricolas.com.br\/?product=engrenagem-do-rolo-passo","title":{"rendered":"ENGRENAGEM DO ROLO PASSO"},"content":{"rendered":"<p>Engrenagem do rolo passo para colhedoras. Pe\u00e7a do sistema de acionamento respons\u00e1vel pela transmiss\u00e3o precisa de movimento.<\/p>\n","protected":false},"excerpt":{"rendered":"<p>Engrenagem do rolo passo para colhedoras. Pe\u00e7a do sistema de acionamento respons\u00e1vel pela transmiss\u00e3o precisa de movimento.<\/p>\n","protected":false},"featured_media":0,"comment_status":"open","ping_status":"closed","template":"","meta":[],"product_cat":[50],"product_tag":[],"class_list":{"0":"post-1687","1":"product","2":"type-product","3":"status-publish","5":"product_cat-colhedoras","7":"first","8":"instock","9":"shipping-taxable","10":"product-type-simple"},"_links":{"self":[{"href":"https:\/\/repecasagricolas.com.br\/index.php?rest_route=\/wp\/v2\/product\/1687","targetHints":{"allow":["GET"]}}],"collection":[{"href":"https:\/\/repecasagricolas.com.br\/index.php?rest_route=\/wp\/v2\/product"}],"about":[{"href":"https:\/\/repecasagricolas.com.br\/index.php?rest_route=\/wp\/v2\/types\/product"}],"replies":[{"embeddable":true,"href":"https:\/\/repecasagricolas.com.br\/index.php?rest_route=%2Fwp%2Fv2%2Fcomments&post=1687"}],"version-history":[{"count":0,"href":"https:\/\/repecasagricolas.com.br\/index.php?rest_route=\/wp\/v2\/product\/1687\/revisions"}],"wp:attachment":[{"href":"https:\/\/repecasagricolas.com.br\/index.php?rest_route=%2Fwp%2Fv2%2Fmedia&parent=1687"}],"wp:term":[{"taxonomy":"product_cat","embeddable":true,"href":"https:\/\/repecasagricolas.com.br\/index.php?rest_route=%2Fwp%2Fv2%2Fproduct_cat&post=1687"},{"taxonomy":"product_tag","embeddable":true,"href":"https:\/\/repecasagricolas.com.br\/index.php?rest_route=%2Fwp%2Fv2%2Fproduct_tag&post=1687"}],"curies":[{"name":"wp","href":"https:\/\/api.w.org\/{rel}","templated":true}]}}