{"id":1669,"date":"2026-04-19T00:34:10","date_gmt":"2026-04-18T16:34:10","guid":{"rendered":"https:\/\/repecasagricolas.com.br\/?product=chapeu-napoleao"},"modified":"2026-04-19T00:34:10","modified_gmt":"2026-04-18T16:34:10","slug":"chapeu-napoleao","status":"publish","type":"product","link":"https:\/\/repecasagricolas.com.br\/?product=chapeu-napoleao","title":{"rendered":"CHAP\u00c9U NAPOLE\u00c3O"},"content":{"rendered":"<p>Chap\u00e9u Napole\u00e3o para pulverizadores. Protetor do bico que evita deriva e melhora a deposi\u00e7\u00e3o do produto nas folhas, reduzindo perdas.<\/p>\n","protected":false},"excerpt":{"rendered":"<p>Chap\u00e9u Napole\u00e3o para pulverizadores. Protetor do bico que evita deriva e melhora a deposi\u00e7\u00e3o do produto nas folhas, reduzindo perdas.<\/p>\n","protected":false},"featured_media":0,"comment_status":"open","ping_status":"closed","template":"","meta":[],"product_cat":[62],"product_tag":[],"class_list":{"0":"post-1669","1":"product","2":"type-product","3":"status-publish","5":"product_cat-bicos-e-conexoes","7":"first","8":"instock","9":"shipping-taxable","10":"product-type-simple"},"_links":{"self":[{"href":"https:\/\/repecasagricolas.com.br\/index.php?rest_route=\/wp\/v2\/product\/1669","targetHints":{"allow":["GET"]}}],"collection":[{"href":"https:\/\/repecasagricolas.com.br\/index.php?rest_route=\/wp\/v2\/product"}],"about":[{"href":"https:\/\/repecasagricolas.com.br\/index.php?rest_route=\/wp\/v2\/types\/product"}],"replies":[{"embeddable":true,"href":"https:\/\/repecasagricolas.com.br\/index.php?rest_route=%2Fwp%2Fv2%2Fcomments&post=1669"}],"version-history":[{"count":0,"href":"https:\/\/repecasagricolas.com.br\/index.php?rest_route=\/wp\/v2\/product\/1669\/revisions"}],"wp:attachment":[{"href":"https:\/\/repecasagricolas.com.br\/index.php?rest_route=%2Fwp%2Fv2%2Fmedia&parent=1669"}],"wp:term":[{"taxonomy":"product_cat","embeddable":true,"href":"https:\/\/repecasagricolas.com.br\/index.php?rest_route=%2Fwp%2Fv2%2Fproduct_cat&post=1669"},{"taxonomy":"product_tag","embeddable":true,"href":"https:\/\/repecasagricolas.com.br\/index.php?rest_route=%2Fwp%2Fv2%2Fproduct_tag&post=1669"}],"curies":[{"name":"wp","href":"https:\/\/api.w.org\/{rel}","templated":true}]}}