{"id":1653,"date":"2026-04-19T00:34:07","date_gmt":"2026-04-18T16:34:07","guid":{"rendered":"https:\/\/repecasagricolas.com.br\/?product=junta-conica"},"modified":"2026-04-19T00:34:07","modified_gmt":"2026-04-18T16:34:07","slug":"junta-conica","status":"publish","type":"product","link":"https:\/\/repecasagricolas.com.br\/?product=junta-conica","title":{"rendered":"JUNTA C\u00d4NICA"},"content":{"rendered":"<p>Junta c\u00f4nica para pulverizador costal. Garante a veda\u00e7\u00e3o entre as pe\u00e7as do registro, evitando vazamentos.<\/p>\n","protected":false},"excerpt":{"rendered":"<p>Junta c\u00f4nica para pulverizador costal. Garante a veda\u00e7\u00e3o entre as pe\u00e7as do registro, evitando vazamentos.<\/p>\n","protected":false},"featured_media":0,"comment_status":"open","ping_status":"closed","template":"","meta":[],"product_cat":[71],"product_tag":[],"class_list":{"0":"post-1653","1":"product","2":"type-product","3":"status-publish","5":"product_cat-pulverizador-costal","7":"first","8":"instock","9":"shipping-taxable","10":"product-type-simple"},"_links":{"self":[{"href":"https:\/\/repecasagricolas.com.br\/index.php?rest_route=\/wp\/v2\/product\/1653","targetHints":{"allow":["GET"]}}],"collection":[{"href":"https:\/\/repecasagricolas.com.br\/index.php?rest_route=\/wp\/v2\/product"}],"about":[{"href":"https:\/\/repecasagricolas.com.br\/index.php?rest_route=\/wp\/v2\/types\/product"}],"replies":[{"embeddable":true,"href":"https:\/\/repecasagricolas.com.br\/index.php?rest_route=%2Fwp%2Fv2%2Fcomments&post=1653"}],"version-history":[{"count":0,"href":"https:\/\/repecasagricolas.com.br\/index.php?rest_route=\/wp\/v2\/product\/1653\/revisions"}],"wp:attachment":[{"href":"https:\/\/repecasagricolas.com.br\/index.php?rest_route=%2Fwp%2Fv2%2Fmedia&parent=1653"}],"wp:term":[{"taxonomy":"product_cat","embeddable":true,"href":"https:\/\/repecasagricolas.com.br\/index.php?rest_route=%2Fwp%2Fv2%2Fproduct_cat&post=1653"},{"taxonomy":"product_tag","embeddable":true,"href":"https:\/\/repecasagricolas.com.br\/index.php?rest_route=%2Fwp%2Fv2%2Fproduct_tag&post=1653"}],"curies":[{"name":"wp","href":"https:\/\/api.w.org\/{rel}","templated":true}]}}